of 416?
True
Does 1347 divide 19578509?
False
Is 50449230 a multiple of 26?
True
Is 19328500 a multiple of 62?
True
Is 242 a factor of 11361658?
True
Is 115 a factor of 1587992490?
False
Does 304 divide 5801232?
True
Does 3550 divide 182256002?
False
Is 736 a factor of 17463207?
False
Is 84122368 a multiple of 16?
True
Is 5379564 a multiple of 67?
True
Does 30 divide 92689170?
True
Does 669 divide 41860668?
True
Does 2267 divide 67389375?
False
Is 175862064 a multiple of 2653?
True
Is 4 a factor of 13275896?
True
Is 17 a factor of 12337393?
True
Is 13 a factor of 208414371?
False
Is 234 a factor of 15922764?
True
Is 72 a factor of 164778768?
True
Is 993 a factor of 343995060?
True
Does 409 divide 35785337?
False
Does 82 divide 233007188?
False
Is 12 a factor of 1207852577?
False
Is 2515 a factor of 710713850?
True
Does 363 divide 45678105?
True
Is 39 a factor of 1026157665?
True
Is 114 a factor of 706914?
True
Does 61 divide 4349351240?
True
Does 6 divide 24727770?
True
Does 47 divide 628016016?
False
Does 31 divide 435567112?
True
Is 161741434 a multiple of 34?
True
Is 19538569 a multiple of 299?
False
Does 45 divide 3014165475?
True
Is 68025692 a multiple of 16?
False
Does 315 divide 678587336?
False
Is 3924 a factor of 2151250596?
True
Is 164 a factor of 803026000?
True
Does 386 divide 693367039?
False
Does 21 divide 39589601?
False
Is 59987467 a multiple of 388?
False
Is 159 a factor of 793948451?
False
Is 2572 a factor of 28484900?
True
Does 977 divide 12579852?
True
Is 1024 a factor of 118025921?
False
Is 39681558 a multiple of 42?
True
Does 2460 divide 84562500?
True
Does 536 divide 51639879?
False
Does 1568 divide 1063566560?
True
Is 24 a factor of 1645048512?
True
Is 86682624 a multiple of 696?
True
Does 101 divide 6746762535?
False
Is 703 a factor of 2374031?
True
Is 372 a factor of 13441383?
False
Does 93 divide 930300276?
False
Is 6 a factor of 517781178?
True
Is 5504376757 a multiple of 3122?
False
Is 245 a factor of 506883154?
False
Is 1685629247 a multiple of 6?
False
Is 1125 a factor of 148914420?
False
Is 26 a factor of 580410341?
False
Is 84160871 a multiple of 179?
False
Is 63629148 a multiple of 1526?
False
Is 1878604258 a multiple of 32?
False
Is 5295516 a multiple of 236?
False
Is 64457436 a multiple of 12?
True
Is 45 a factor of 16915086?
False
Does 14 divide 776806662?
False
Does 10 divide 177330506?
False
Is 1544103064 a multiple of 1477?
True
Does 56 divide 35357896?
True
Is 2693131980 a multiple of 812?
True
Is 82 a factor of 25557104?
True
Does 166 divide 129509433?
False
Is 10871200 a multiple of 112?
False
Does 304 divide 18012200?
False
Does 12 divide 4353937?
False
Is 48391971 a multiple of 61?
True
Is 69147618 a multiple of 402?
True
Is 10 a factor of 157995708?
False
Is 655 a factor of 749959935?
True
Is 222 a factor of 40734558?
True
Is 181 a factor of 1015444571?
True
Is 24 a factor of 4718747?
False
Is 35395627 a multiple of 800?
False
Is 29988760 a multiple of 340?
False
Is 232677590 a multiple of 546?
False
Is 257 a factor of 198930850?
True
Does 4 divide 17981694?
False
Is 1082 a factor of 727390730?
True
Does 58 divide 2299330482?
True
Is 16314322 a multiple of 3413?
False
Is 17232909 a multiple of 152?
False
Is 313790817 a multiple of 681?
False
Is 54 a factor of 1286926530?
False
Is 1140610404 a multiple of 176?
False
Is 624 a factor of 2696153547?
False
Does 77 divide 116168612?
False
Is 5 a factor of 328794559?
False
Is 92 a factor of 69391761?
False
Is 347652095 a multiple of 408?
False
Is 1185 a factor of 42061575?
True
Is 3964 a factor of 102580443?
False
Is 87789744 a multiple of 4536?
True
Is 177897512 a multiple of 52?
True
Is 70679211 a multiple of 141?
True
Is 196 a factor of 55391117?
False
Is 1293047840 a multiple of 86?
True
Does 808 divide 38204663?
False
Does 341 divide 269030366?
False
Is 419474875 a multiple of 475?
True
Is 1161 a factor of 438020919?
True
Is 11509584 a multiple of 405?
False
Is 13 a factor of 386440947?
False
Does 953 divide 1577359123?
False
Does 155 divide 144850804?
False
Does 373 divide 831278990?
True
Is 8 a factor of 62601728?
True
Is 2579 a factor of 55136441?
True
Is 3312448164 a multiple of 204?
True
Is 3 a factor of 27758234?
False
Is 2 a factor of 3146276?
True
Is 13614291 a multiple of 3?
True
Is 150815738 a multiple of 101?
False
Is 9 a factor of 67411359?
True
Is 3750 a factor of 552435000?
True
Does 33 divide 28052346?
False
Is 8 a factor of 440742961?
False
Does 1595 divide 87638870?
True
Is 1467 a factor of 8336961?
True
Is 72016442 a multiple of 377?
False
Is 1601 a factor of 2756922?
True
Is 72905820 a multiple of 15?
True
Is 27 a factor of 18492759?
True
Does 830 divide 365561880?
True
Is 33 a factor of 194748798?
False
Is 107 a factor of 64724337?
False
Is 527298545 a multiple of 10?
False
Does 41 divide 560906732?
True
Is 21646547 a multiple of 13?
True
Is 272911600 a multiple of 8465?
True
Is 272693541 a multiple of 136?
False
Does 71 divide 80471471?
True
Is 20 a factor of 1787855027?
False
Is 158 a factor of 2310795275?
False
Is 35 a factor of 4748690?
False
Does 1031 divide 24864339?
False
Does 14 divide 19655238?
False
Is 85437331 a multiple of 13?
False
Does 408 divide 48990054?
False
Does 23 divide 62310243?
True
Is 5 a factor of 4715550?
True
Is 20128 even?
True
Is 5962 a factor of 30533685?
False
Is 450517936 a multiple of 4?
True
Does 114 divide 458206674?
False
Does 2502 divide 1144309831?
False
Is 192258935 a multiple of 11?
True
Does 12 divide 44346648?
True
Is 10 a factor of 78319090?
True
Is 12 a factor of 140096963?
False
Is 235634854 a multiple of 111?
False
Is 9204005 a multiple of 2432?
False
Is 66 a factor of 5001868?
False
Is 200842432 a multiple of 268?
False
Is 8 a factor of 15438784?
True
Is 24124363 a multiple of 115?
False
Is 688203600 a multiple of 4043?
False
Does 272 divide 787739472?
True
Is 1172 a factor of 459290615?
False
Is 3565502 a multiple of 6?
False
Is 80410566 a multiple of 1805?
False
Does 7349 divide 2494328356?
False
Is 55905261 a multiple of 3473?
False
Does 263 divide 700376890?
True
Is 7114820 a multiple of 4?
True
Is 69 a factor of 19376097?
True
Is 1150 a factor of 2198515950?
True
Is 304919804 a multiple of 14?
True
Is 12 a factor of 37156404?
True
Is 13797726 a multiple of 821?
True
Does 516 divide 31014033?
False
Is 34881632 a multiple of 524?
True
Is 10 a factor of 15090550?
True
Is 15 a factor of 851747647?
False
Is 1481 a factor of 4842616189?
False
Is 580805973 a multiple of 793?
False
Does 3730 divide 279251175?
False
Does 121 divide 21485244?
True
Is 105546319 a multiple of 413?
False
Is 3605120 a multiple of 1048?
True
Is 409 a factor of 462515699?
False
Is 52 a factor of 1663109864?
True
Does 29 divide 1253732755?
False
Is 2131 a factor of 47965324?
False
Is 598 a factor of 6977464?
True
Is 1684 a factor of 42694193?
False
Is 559 a factor of 1154726859?
True
Is 92 a factor of 180255324?
True
Is 70510542 a multiple of 1430?
False
Is 183809574 a multiple of 702?
True
Is 19958580 a multiple of 4?
True
Is 81807740 a multiple of 10?
True
Does 252 divide 171628742?
False
Is 136030302 a multiple of 99?
False
Is 3496163 a multiple of 649?
True
Is 189983126 a multiple of 10?
False
Does 14 divide 1705984?
True
Is 731 a factor of 24995083?
True
Is 1186 a factor of 1476810082?
False
Is 10546714 a multiple of 2234?
True
Is 209206250 a multiple of 5?
True
Is 1430283 even?
False
Is 28 a factor of 417483539?
False
Does 3283 divide 1259473705?
True
Is 523881457 a multiple of 11?
True
Is 7 a factor of 333776?
False
Is 856787953 a multiple of 7?
True
Does 878 divide 2841013296?
False
Does 176 divide 28239499?
False
Is 143266548 a multiple of 654?
True
Does 651 divide 30339755?
False
Is 307227127 a multiple of 1244?
False
Is 5792753 a multiple of 386?
False
Is 958123300 a multiple of 20?
True
Is 4414113 a multiple of 109?
False
Does 870 divide 428289260?
False
Does 2807 divide 406093139?
False
Is 13657522 a multiple of 1127?
False
Is 49492455 a multiple of 445?
True
Does 33 divide 194784970?
False
Is 40295908 a multiple of 8?
False
Does 162 divide 120539988?
True
Is 2859 a factor of 1762679618?
False
Does 907 divide 222026344?
True
Is 215340190 a multiple of 35?
False
Is 8 a factor of 3852849?
False
Do